.
3, 7
Suppose 5*z + 0*z + 7 = -4*f, -5*f + 3*z = -19. Suppose 3*p = -10*p - 3*p - 11*p. Suppose -f*i + p*i = -274. What are the prime factors of i?
137
Suppose -5*f = -4*a + 508, -6*f + 11*f = 20. Suppose 23*y = 22*y - a. Let v = y - -241. What are the prime factors of v?
109
Let v(n) be the first derivative of 17*n**2/2 - 12*n - 163. Let m(l) = -l**3 + 5*l**2 + 3*l - 7. Let z be m(5). List the prime factors of v(z).
2, 31
Suppose 0 = 32*i - 23958 - 26858. List the prime factors of i.
2, 397
Suppose -5*k + 121737 = -10*n + 9*n, 2*k + 2*n = 48690. List the prime factors of k.
97, 251
Let v(d) = 3*d - 20. Let c be v(10). Let k be 2/(16/c)*64/(-1). Let g = k - -153. What are the prime factors of g?
73
Let w(r) = 80*r**3 + r**2 - r - 1. Suppose 2*z + 88 = -28. Let y = -57 - z. List the prime factors of w(y).
79
Let l be (2*(-1)/1)/((-9)/18). Suppose -4*v + 958 = 2*d, -5*d + 339 + 604 = l*v. List the prime factors of v.
2, 11
Let p = 1259 + -703. Suppose -2*u = z - 140, 3*z + 101 - p = u. What are the prime factors of z?
2, 3, 5
Let h(q) = 822*q - 3304. What are the prime factors of h(16)?
2, 1231
Let f = -112 - -121. Let u(z) = 2*z + 63. List the prime factors of u(f).
3
Let s be (27/(-6))/((-1)/(-2)). Let u be (-13476)/s + 10/15. List the prime factors of u*(-7)/(-70) + 1/5.
2, 3, 5
Let s = -3374 - -5858. Let c = s + -1333. List the prime factors of c.
1151
Let v(r) = 11*r - 74. Let g be v(7). List the prime factors of 266/6 + (-1)/g.
2, 11
Suppose 3*z + 2*z = 100. Suppose 14*x - z*x = -510. Let n = 373 - x. List the prime factors of n.
2, 3
Let b(h) = -22*h**2 - 34*h + 109. Let u(c) = -7*c**2 - 11*c + 36. Let d(o) = 2*b(o) - 7*u(o). What are the prime factors of d(-7)?
2, 37
Suppose 4*h - 4*r - 31654 = -2*r, 0 = -h + 4*r + 7917. List the prime factors of h.
41, 193
Let w(y) = 24 - y**3 + 24*y + 13 - 17*y + 24*y**2. List the prime factors of w(24).
5, 41
Suppose 5*m = 4*p - 23, -3*p + m + 31 = -0*m. Let k(b) = b**2 + 31. Let f(h) = h**2 - h + 29. Let o(t) = 7*f(t) - 6*k(t). What are the prime factors of o(p)?
7, 11
Let b be 1384 + 9/(27/12) - -2. Suppose -q = -2*s + 8, 0 = 3*s - 3*q - 6 - 3. Suppose -s*l + b = -0*l. What are the prime factors of l?
2, 139
Let w(j) = -95*j**3 - 9*j**2 - 227*j - 1947. List the prime factors of w(-9).
2, 3, 11437
List the prime factors of 17218/(-8)*(241 + -245).
8609
Let k = 70556 + -29047. List the prime factors of k.
13, 31, 103
What are the prime factors of 31357 + (-5)/(-55)*77?
2, 7841
Let o = 86365 - 26518. What are the prime factors of o?
3, 19949
Suppose 15258 + 86958 = 8*h. List the prime factors of h.
3, 4259
Let q be (58/10 - 4)*15. Let v be q/2*6/(-9). Let d = v - -44. What are the prime factors of d?
5, 7
Let s be (42/49)/((-9)/(-168)). Suppose 0 = s*r + 8*r - 10032. What are the prime factors of r?
2, 11, 19
Suppose 378044 = 6*i + 82880. List the prime factors of i.
2, 3, 911
Suppose -5*o = 2*v - 2350, -o = 2*o + v - 1410. Suppose -o = -3*g + 2*a, -4*g + 3*a = -484 - 143. What are the prime factors of g?
2, 3, 13
What are the prime factors of 2/(-6 + 4) - ((-10 - -2) + -6468)?
5, 7, 37
Suppose -m + 1630 = -y, 3*m + 3*y - 4889 = 5*y. Suppose m = 6*r + 519. List the prime factors of r.
5, 37
List the prime factors of (-2494)/((-1854)/(-378) + -5).
3, 7, 29, 43
Let u(d) = -6*d + 481. Let j = 223 - 191. What are the prime factors of u(j)?
17
Let b = 20 - -6. Let s = 31 - b. Suppose -3*n - s*i + 301 = 0, 2*n + 6*i - 4*i = 198. List the prime factors of n.
97
Suppose -485*q + 11748212 = -6666268. List the prime factors of q.
2, 3, 7, 113
Let x(b) be the second derivative of 4*b**3 - 51*b**2 + 15*b + 3. What are the prime factors of x(10)?
2, 3, 23
Suppose -26*z + 72 = -2*z. Suppose -y - 5*r = -3*y + 658, 4*y - 1368 = -z*r. What are the prime factors of y?
3, 113
Let b(z) = -z**3 - 53*z**2 + 23*z + 540. What are the prime factors of b(-55)?
3, 5, 71
Let v = 1503 - 352. List the prime factors of v.
1151
Let h(f) be the third derivative of f**5/30 + 3*f**4/8 + 181*f**3/3 + 4*f**2 + 9*f. List the prime factors of h(0).
2, 181
Suppose -5*h - 12 = -2. Let g(s) = 4*s + 11. Let l be g(h). List the prime factors of (l + 0/(-2))*41.
3, 41
Let p be (-3)/(36/(-172)*3/9). Suppose -3*x - 3*w = -4*x - 21, w + 63 = -2*x. Let g = x + p. What are the prime factors of g?
13
Let k = -201 - -250. List the prime factors of (k/14 + -4)*-242.
11
Suppose l - 2*i = -0*i - 6, -11 = l - 3*i. Let y be ((-45)/(-30))/(3/l). Suppose 5*z + 197 = y*s, 0*s = 5*s + 4*z - 542. What are the prime factors of s?
2, 53
Let g(h) = 7*h**3 - 12*h**2 - 2*h - 16. Let w(x) = -2*x**3 - 1. Let q(v) = -g(v) - 4*w(v). List the prime factors of q(-10).
2, 5
Suppose 0 = -81*h + 17*h + 752978 + 1107118. List the prime factors of h.
2, 3, 7, 173
Let u(x) = x**3 + 5*x**2 + 3*x - 5. Let i be u(-3). Suppose i = a + a. Let c(g) = 17*g**2 + 5*g - 3. What are the prime factors of c(a)?
3, 5
Let f be -4*4/24*(-63)/2. Suppose 6002 = f*i - 21361. List the prime factors of i.
1303
Suppose -3*k - 5*k + 96 = 0. Let x be (k/(-16))/((-3)/168). Suppose r + f = x, 3*r - 7*f = -8*f + 128. What are the prime factors of r?
43
Let l(d) = 2*d**2 + 25*d + 24. Let m be l(-22). Suppose 0 = 446*h - m*h - 956. What are the prime factors of h?
239
Suppose 0 = -2*u + 4, -49*p - 2*u + 67588 = -47*p. What are the prime factors of p?
2, 3, 11
Suppose 0 = 4*l - 2*l - t - 5, 3*l + 2*t - 4 = 0. Suppose 626 = l*x + 4*z, 217 = 5*x + 5*z - 1358. What are the prime factors of x?
317
Suppose 22*s + 33*s = 1450900. What are the prime factors of s?
2, 5, 1319
List the prime factors of (1*1/3)/(119/17893911).
50123
Let o = -24 + -49. Let a = -69 - o. Suppose 5*h + 532 = 4*t - 0*t, 564 = a*t + 3*h. List the prime factors of t.
2, 3, 23
Let u = -507 - -518. Let t(i) = 9*i**2 + 10*i - 48. What are the prime factors of t(u)?
1151
What are the prime factors of (12914/2 - 6)/1?
6451
Suppose -2*s - 1 = 27. Let a(h) = h**3 + 14*h**2 - h + 19. Let t be a(s). Suppose -71 = -v + t. What are the prime factors of v?
2, 13
Let m(z) = -211*z - 138. Let i(f) = f + 7. Let c(v) = -2*i(v) + m(v). List the prime factors of c(-6).
2, 563
Suppose -5*t - 13 + 12 = v, -3*v = -t + 35. Let f = v - -20. What are the prime factors of f?
3
Let l be 2/7 + 6/(252/114). Suppose -s = -4*s + l. What are the prime factors of 614*s/10 - (-12)/(-30)?
61
Let w(s) = 46*s + 90. Let x(k) = 45*k + 88. Let i(f) = -5*w(f) + 6*x(f). List the prime factors of i(3).
2, 3, 11
Let t(c) = 6*c**2 - c**3 + 3*c - 15*c**2 - 7 + 3*c**2. Let z(o) = o**3 + 5*o**2 - 4*o + 6. Let p(n) = -3*t(n) - 2*z(n). What are the prime factors of p(-6)?
3, 29
Suppose -2*h = 4*q - 8, -5*q - 3*h - h = -10. Let y be 15/q*((-2)/(-3))/1. Suppose 0 = -2*x - y*z + 65, 17 = -4*x + 4*z + 217. List the prime factors of x.
3, 5
Let z(a) = -201*a - 2184. What are the prime factors of z(-32)?
2, 3, 59
Let f(m) be the second derivative of -m**5/20 - 19*m**4/12 + m**3/2 + 45*m**2/2 + 298*m. What are the prime factors of f(-20)?
5, 7, 11
Suppose 38 = -7*x + 9*x. Let z = x + -11. Suppose -5*m - z*f + 336 = -6*f, f = 3. List the prime factors of m.
2, 3, 11
Suppose 3*m - 2*f + 6*f = 160, f = 5*m - 259. Let l = -31 + m. Let p = l + 28. What are the prime factors of p?
7
Suppose 10 = -2*w - 4*v, 3*w - w = 2*v + 2. Let l be (-15 + 2 + 0)/w. Suppose -6*k + l*k = 399. What are the prime factors of k?
3, 19
Suppose -4*m - n = -6*n + 7, -3*m + 18 = 4*n. Suppose 5*i = 5*c - 1910, 0 = -4*i - c + m*c - 1531. Let s = -209 - i. List the prime factors of s.
2, 3, 29
List the prime factors of -819*(0/(4 + -5 + -1) + -1).
3, 7, 13
Suppose -5*x - 212*d = -208*d - 51548, -2*d = 5*x - 51544. List the prime factors of x.
2, 3, 859
Let v(k) = 198*k - 6261. What are the prime factors of v(152)?
3, 5, 7, 227
Let z = 42826 + -29179. What are the prime factors of z?
3, 4549
Let h be (-1)/3 - (-42)/18. Suppose h*v = -n + 3, -26 = -5*n - 5*v - 1. What are the prime factors of ((-102)/(-4))/(((-35)/(-30))/n)?
3, 17
Suppose -4*b - 521 = -4*f + 759, 0 = -3*f + 2*b + 958. List the prime factors of f.
2, 3, 53
Let a(b) = 10*b**2 + b - 21. Suppose -9*x = -x - 64. What are the prime factors of a(x)?
3, 11, 19
What are the prime factors of 61/(3477/3636410) - 6/9?
2, 41, 389
Let a(g) = -19 + 2*g**2 - 8*g + 46*g**3 - 1